- -27 - 20).
48
Calculate 142 + (-129 - -93) - 204.
-98
Evaluate -9 + 14 + 31 + -16 - -4.
24
(-15 + (20 - (5 + -20)) - 8) + 16
28
Evaluate 50 + -14 + -9 + -17.
10
What is (15 - 27) + 23 - (-141 + 68)?
84
Calculate -2 + 4 + 26 - (-38 - -129 - 63 - 38).
38
What is 0 - -40 - (292 - 302)?
50
Evaluate -21 + 1 + -25 - -15.
-30
What is the value of 7 - (-35 - -29 - -50)?
-37
(-33 - (-90 + 15)) + (-13 - -2)
31
Calculate 3 + -103 + 60 + -21.
-61
32 - (-5 - 2 - (19 - 23) - 1 - 0)
36
What is the value of -11 - (-21 - -12 - -5) - 57?
-64
Evaluate 72 - 7 - (-6 + 0) - (25 - 14).
60
Evaluate -18 - (-21 + (-24 - -4 - 25)).
48
What is (14 - (22 + (-19 - -9)) - -14) + -60?
-44
25 + (-66 - -39) + (-3 - 13)
-18
What is (27 + -10 - 0) + 35 - (-6 - (-8 - 3))?
47
What is 52 + -84 + 20 - (-51 + -2)?
41
Evaluate (17 - (2 + 13 + 1)) + -89 + 7 + 1.
-80
What is -62 + 5 - (13 + -18) - (-10 - 10)?
-32
What is (-49 - 11 - (-22 - (-20 + 8))) + (-2 - -3)?
-49
Evaluate -94 + (117 - 215) - -70.
-122
Evaluate (-50 - (-150 + 85)) + (-1 - -63) - 16.
61
What is the value of (-66 - -41) + (0 - -17) - -25?
17
Calculate (-31 - -95) + -15 - (26 + -3).
26
Calculate (3 - -5) + (-14 - -17 - (51 + (-9 - -18))).
-49
Evaluate 6 - (-1 - (6 + 24) - (-264 + 243)).
16
What is 54 - (19 - -19 - 0)?
16
3402 + -3405 + 0 + -4 + (-1 - 3) + -94
-105
7 + -1 + (17 - (50 - 29)) + 27
29
What is (-3 - -5) + 1 + 15 + -4 + -6 + 2?
10
Calculate -59 + 2 + -2 + (-135 - -76) + 47.
-71
Evaluate (11 - 8 - (4 - 18)) + (2 + 3 - -3).
25
Calculate (81 - 63) + 58 + -26.
50
What is 15 + -7 + 6 - (3 + 0 + (-23 - -159))?
-125
Calculate 41 + -17 + 1 + 7 + 10 - 7.
35
0 + 33 - (-20 + -113 + 89)
77
Evaluate -2 + -18 + (-75 + 10 - 0).
-85
What is the value of (-14 - (36 - 47)) + (3 - (0 + 57)) + -6?
-63
Calculate -37 + (-33 - -29) + -8.
-49
What is the value of -10 - (3 - -2) - (-4 + 1) - -53?
41
(-7 - (0 + -1 - (3 + -21)) - 1) + -6
-31
Evaluate (1 - -91) + (-450 - (-418 - 17)).
77
What is -45 - 21 - (-65 - -12)?
-13
-122 - (-160 - -73) - (3 + -11 - (0 - 0))
-27
What is 38 + -20 + (0 - 32) + (-1 - -146 - 4)?
127
-3 + (-9 - -4) + 16 + (12 - 33) + 24
11
Calculate 28 - (3 - 35 - -24).
36
Evaluate (-45 + 22 + -20 - -25) + -5.
-23
Evaluate -1 - -43 - (-2317 + 2359).
0
-101 - -1 - (117 + -144 - (2 - 29))
-100
-14 + (3 - (-15 + 5)) + -51 + 17
-35
What is the value of -18 - (7 - ((3 - 9) + -14))?
-45
What is (6 - 15) + (18 - 36)?
-27
Calculate 435 + -327 - (-1 + 2 + 0 - 23).
130
What is -140 - (-14 + 2 - 58)?
-70
What is the value of -18 + -29 + -13 + 91?
31
What is 18 + 9 + -20 + (6 - (-3 - (-1 + 2)))?
17
Evaluate 9 + ((16 - 7) + -55 - (7 + 6)).
-50
-19 - ((-28 - (-32 + -1)) + (-4 - (7 + 2)))
-11
Evaluate -15 - (-254 + 245 - (7 + -1)) - 7.
-7
Evaluate 0 + (4 - 4) + (9 + -52 - 20).
-63
Evaluate (2 - 3) + 26 - (-123 - -96).
52
What is 69 - (21 + -29 + 24 - -11)?
42
Evaluate (297 - 88 - 165) + (3 - -5).
52
Evaluate (34 - 57) + 7 + -1 + (1 - 6) + 8.
-14
Calculate (11 + 1 + -3 - -5) + (-41 - 69 - -51).
-45
What is the value of 23 - 43 - -48 - -6?
34
What is 101 + (-280 - -120) + 87?
28
What is the value of -4 + 2 - -10 - (9 + -15 + 13 + 49)?
-48
What is -56 + 23 - -8 - -38 - 145?
-132
What is the value of 7 - (12 + -85 - (6 + (-6 + -8 - -2)))?
74
-27 + 21 - 15 - (-69 - -3)
45
What is 35 - (-1 + 2) - (-54 + 27 - -29 - 0)?
32
What is the value of (11 - 101 - -172) + -27?
55
-49 + -14 - (-26 + 2 + 1)
-40
What is 43 - (-1 + -4) - ((40 - 42) + 8 + -7)?
49
What is (-1 + -5 - -8) + 40 + 633 + -647?
28
Calculate 96 + (2 - 41) + -19.
38
What is -48 - -21 - -69 - 32 - -50?
60
Evaluate -5 + 3 + 9 + 15 + -31 + 25.
16
Evaluate -9 + (14 - -12) - (10 + (18 - -8)).
-19
-9 - (-71 - -92 - (-3 - 4 - 69))
-106
Evaluate 0 - -8 - (4 + -40 + 71).
-27
Calculate -15 + 1 + -46 - (-10 + 2) - -9.
-43
Calculate 19 - (57 + -43 + -32 + -2).
39
Calculate (5 - -2 - 0) + 4 + -18 + (87 - 31).
49
What is the value of -140 + -146 + 318 + -49?
-17
(-7 - 25) + (-6 - -1 - (24 + 8 + -43))
-26
Evaluate 1 + 20 + 0 + (-142 - -63).
-58
What is the value of (-89 - -2) + ((-11 - -30 - 18) + 11 - 11)?
-86
Calculate 120 + -43 - (-8 + 157).
-72
-4 + 2 + (12 - 0 - (3 + 43))
-36
-2 + 0 + -108 + (4 - -59) + -55 + 7
-95
What is the value of (-1 - 65 - -73) + (1 - -46) + -1?
53
What is the value of -10 - ((3 - (-14 + 1)) + (-37 - -29 - -3))?
-21
What is -23 + -3 + (1 - 5) - (-19 + 7)?
-18
20 + -4 + -5 + (-2 + -10 - -66)
65
Calculate 21 + (-77 - -25) - (-4 - (4 - 2)).
-25
What is -62 + 88 + -2 + (16 - 5)?
35
What is the value of (0 - -33) + -16 + (-10 - (-5 - -3 - -3))?
6
What is the value of (3 + (-21 - (10 + -23)) - 10) + (-5 - -42)?
22
Calculate -29 - (-6 - ((-1 - 4) + 10) - (26 + -45)).
-37
What is (66 + -66 + 2 + -6 - -22) + 21?
39
Calculate 4 - (-8 - (57 + (4 - 10 - -11 - -9))).
83
Calculate 8 - (68 + 17 + -20 + -6 + 8).
-59
What is the value of 0 + 0 - 3 - (-44 - (2 + -49))?
-6
Calculate 134 - (84 + 138 + -130).
42
What is 27 + (-26 - (10 + -35)) + 75?
101
11 + (-11 - -11) + 6 + -11 - (-5 - 0)
11
What is -3997 + 3920 + (113 - -3)?
39
Calculate -1344 - -1400 - (-49 - -5).
100
41 - (143 + -75) - (-1 + 20)
-46
-70 - (1 + 12 - (39 + 43 - 68))
-69
Calculate 114 + (-44 - -112) + -137.
45
What is -147 + (3 - 2) + (-20 + 24 - -19)?
-123
Evaluate (6 - -5) + -81 + 38.
-32
Calculate 26 + -21 + (34 - (7 - 1)).
33
-4 - (19 + 4) - (-3 + 12)
-36
Calculate 14 + -1 + -2 + 90 + (-32 - -14) + 20.
103
4 + 0 + (5 - 2) - (-73 + 46)
34
Evaluate -31 + 20 - ((-8 - -8) + 4 + -63).
48
What is the value of (-14 - 12 - -55) + -13 - 17?
-1
What is 5 + 1 + (0 - 9) + -397 + 392 + -31?
-39
Evaluate 121 - -3 - (-6 - (12 - (10 + -10 - -16))).
126
Evaluate (1 + -6 - (-224 + 225)) + (-30 - (2 + -2)).
-36
What is the value of -20 - (12 - (15 - -5)) - (-37 - -4)?
21
Evaluate ((1 - 6) + 1 + -6 - (-20 - -3)) + 22.
29
-5 + -4 + 3 - (-321 + 338)
-23
Evaluate (2727 - 2750) + (-56 - 0) - (1 - (0 + -2)).
-82
Evaluate 46 + (29 - 49) - 37.
-11
What is (-153 - -65) + (-187 - -197)?
-78
1 + 3 + (-17 - 0) - -14 - 7
-6
(27 - (-34 + 54)) + (-8 - 83)
-84
What is 0 + (-8 - (30 + -22))?
-16
What is 21 - (14 + -1 - (73 + -115))?
-34
What is -10 - (-3 - ((18 - 10) + -21 + (-1 - -5)))?
-16
What is 14 - (-18 + 65) - -151?
118
Calculate (-5 - 6 - (13 + (-29 - -5) + 11)) + 15.
4
Calculate 2 - -2 - -11 - (2 - (-3 - (8 - 13))).
15
What is -95 + 0 + (-1 - (9 - -2)) + (820 - 816)?
-103
Evaluate 3 - -3 - (84 + (-9 - 90)).
21
What is (3 - -19) + -255 + 181?
-52
Calculate (-7 + 6 - (-1 - -2 - 9)) + (-1 - 28).
-22
What is 40 + -45 - (-6 - -1 - ((81 - 3) + 0))?
78
Calculate 6 + 6 - (11 + (19 - (-1 + -10))).
-29
What is 11 - (-11 - (24 + -19) - -61)?
-34
Evaluate ((-31 - -24) + -22 - -58) + -78.
-49
Evaluate (-4 - -8 - (-4 - -19)) + -29.
-40
What is -66 + 1 + -3 + (-8 - (1 - 9) - 5)?
-73
Calculate 145 + 73 + -215 - -111.
114
What is (12 + -9 - 11) + 10 + 5 + -8?
-1
Evaluate -94 + 19 + 36 - -25.
-14
Calculate -22 + -7 + (17 - (1 - -5)) + -4.
-22
Evaluate 160 - 168 - (24 + (9 - -83)).
-124
26 + (-8 + 20 - 30) - -17
25
Evaluate -21 - -119 - (-179 - -217).
60
Calculate 5 - (3 + -3 + (16 - 2 - (-57 - -61))).
-5
-16 - (-28 + (24 - (-4 - 19)))
-35
Calculate -11 - 45 - (11 - 100).
33
Evaluate (21 - 23 - 11 - -2) + 0 + -5.
-16
Evaluate -22 - (16 + -38) - 10 - (2 + -87).
75
-48 - (-5 + (12 - 0) + -20 + 3)
-38
What is (-1 - (-2 + 1 - (61 + 7 - 54))) + -47?
-33
Evaluate -6 + (-50 - (-63 + 11)).
-4
Evaluate 49 + 3 + 12 + 11 + 0 + 8.
83
What is -298 - -235 - (-119 + 7)?
49
What is the value of (-98 - (-52 - -44)) + 50?
-40
-55 + -5 + (-5 - -5 - -5) + (208 - 204)
-51
What is the value of 29 + 30 + -6 + -8 + -1 + -13?
31
-5 + 11 + 11 + -33 + 14 + 24 + 1
23
Calculate (-32 - -17) + (11 + -11 - 0).
-15
Calculate -44 + 97 - (59 - 130).
124
(7 - 1 - 5) + (-1072 - -1032)
-39
Evaluate (243 - 102) + 7 + -47 + 20.
121
What is the value of 4 - (14 + 62 + -13 + 4) - (-9 - 1)?
-53
What is the value of (-13 - -15) + -14 + 19 + -19 - -8?
-4
Calculate -24 + (67 - 42 - 1).
0
What is 325 + -339 - (-26 + 0)?
12
What is the value of -3 + (-58 - ((17 - -4) + -35))?
-47
Evaluate 23 + -54 + -4 + -10 + 11.
-34
What is 70 + -78 + 15 + -82 + -14?
-89
-85 - (-7 - 91) - -73
86
What is -8 + 1 + (-4 + 6 + -12 - (194 + -206))?
-5
What is (-379 + 135 - -184) + -13 + 1?
-72
-26 - -22 - (6 + -1 + -15)